{"id":247,"date":"2026-06-01T14:33:29","date_gmt":"2026-06-01T11:33:29","guid":{"rendered":"https:\/\/museikon.ro\/?post_type=tribe_events&#038;p=247"},"modified":"2026-06-01T14:36:58","modified_gmt":"2026-06-01T11:36:58","slug":"expozitia-meta-argus","status":"publish","type":"tribe_events","link":"https:\/\/museikon.ro\/en\/eveniment\/expozitia-meta-argus\/","title":{"rendered":"Expozitia META-ARGUS"},"content":{"rendered":"<div dir=\"auto\">Vernisajul expozi\u021biei de fotografie \u201eMETA\u2013ARGUS\u201d, semnat\u0103 de Vasile S\u00e2rb, a avut loc \u00een data de 27 mai 2026 la ora 17:00, \u00eentr-o atmosfer\u0103 aparte, al\u0103turi de invitatul special Dorel G\u0103in\u0103.<\/div>\n<div dir=\"auto\">Prof. Univ. Dr. Dorel G\u0103in\u0103 a sus\u021binut un discurs despre universul artistic \u0219i valoarea lucr\u0103rilor expuse, oferind publicului o perspectiv\u0103 profund\u0103 asupra crea\u021biei fotografice semnate de Vasile S\u00e2rb.<\/div>\n<p>&nbsp;<\/p>\n<p><iframe loading=\"lazy\" style=\"border: none; overflow: hidden;\" src=\"https:\/\/www.facebook.com\/plugins\/video.php?height=314&amp;href=https%3A%2F%2Fwww.facebook.com%2Freel%2F1443840584160223%2F&amp;show_text=false&amp;width=560&amp;t=0\" width=\"560\" height=\"314\" frameborder=\"0\" scrolling=\"no\" allowfullscreen=\"allowfullscreen\"><\/iframe><\/p>","protected":false},"excerpt":{"rendered":"<p>Vernisajul expozi\u021biei de fotografie \u201eMETA\u2013ARGUS\u201d, semnat\u0103 de Vasile S\u00e2rb, a avut loc \u00een data de 27 mai 2026 la ora 17:00, \u00eentr-o atmosfer\u0103 aparte, al\u0103turi de invitatul special Dorel G\u0103in\u0103. [&hellip;]<\/p>\n","protected":false},"author":1,"featured_media":248,"template":"","meta":{"_tribe_events_status":"","_tribe_events_status_reason":"","footnotes":""},"tags":[],"tribe_events_cat":[13],"class_list":["post-247","tribe_events","type-tribe_events","status-publish","has-post-thumbnail","hentry","tribe_events_cat-evenimente","cat_evenimente"],"_links":{"self":[{"href":"https:\/\/museikon.ro\/en\/wp-json\/wp\/v2\/tribe_events\/247","targetHints":{"allow":["GET"]}}],"collection":[{"href":"https:\/\/museikon.ro\/en\/wp-json\/wp\/v2\/tribe_events"}],"about":[{"href":"https:\/\/museikon.ro\/en\/wp-json\/wp\/v2\/types\/tribe_events"}],"author":[{"embeddable":true,"href":"https:\/\/museikon.ro\/en\/wp-json\/wp\/v2\/users\/1"}],"version-history":[{"count":2,"href":"https:\/\/museikon.ro\/en\/wp-json\/wp\/v2\/tribe_events\/247\/revisions"}],"predecessor-version":[{"id":252,"href":"https:\/\/museikon.ro\/en\/wp-json\/wp\/v2\/tribe_events\/247\/revisions\/252"}],"wp:featuredmedia":[{"embeddable":true,"href":"https:\/\/museikon.ro\/en\/wp-json\/wp\/v2\/media\/248"}],"wp:attachment":[{"href":"https:\/\/museikon.ro\/en\/wp-json\/wp\/v2\/media?parent=247"}],"wp:term":[{"taxonomy":"post_tag","embeddable":true,"href":"https:\/\/museikon.ro\/en\/wp-json\/wp\/v2\/tags?post=247"},{"taxonomy":"tribe_events_cat","embeddable":true,"href":"https:\/\/museikon.ro\/en\/wp-json\/wp\/v2\/tribe_events_cat?post=247"}],"curies":[{"name":"wp","href":"https:\/\/api.w.org\/{rel}","templated":true}]}}

<div dir="auto">Vernisajul expoziției de fotografie „META–ARGUS”, semnată de Vasile Sârb, a avut loc în data de 27 mai 2026 la ora 17:00, într-o atmosferă aparte, alături de invitatul special Dorel Găină.</div>
<div dir="auto">Prof. Univ. Dr. Dorel Găină a susținut un discurs despre universul artistic și valoarea lucrărilor expuse, oferind publicului o perspectivă profundă asupra creației fotografice semnate de Vasile Sârb.</div>
<p>&nbsp;</p>
<p><iframe loading="lazy" style="border: none; overflow: hidden;" src="https://www.facebook.com/plugins/video.php?height=314&amp;href=https%3A%2F%2Fwww.facebook.com%2Freel%2F1443840584160223%2F&amp;show_text=false&amp;width=560&amp;t=0" width="560" height="314" frameborder="0" scrolling="no" allowfullscreen="allowfullscreen"></iframe></p>

<p>Vernisajul expoziției de fotografie „META–ARGUS”, semnată de Vasile Sârb, a avut loc în data de 27 mai 2026 la ora 17:00, într-o atmosferă aparte, alături de invitatul special Dorel Găină. [&hellip;]</p>
